{"id":8,"date":"2025-11-06T13:29:25","date_gmt":"2025-11-06T13:29:25","guid":{"rendered":"https:\/\/sienna-jaguar-393135.hostingersite.com\/home\/"},"modified":"2025-11-06T13:29:25","modified_gmt":"2025-11-06T13:29:25","slug":"home","status":"publish","type":"page","link":"https:\/\/omarket.blog\/","title":{"rendered":"Home"},"content":{"rendered":"<div class=\"wp-block-group alignfull hostinger-ai-fade-up has-color-2-background-color has-background has-global-padding is-layout-constrained wp-block-group-is-layout-constrained\" data-aos=\"fade-up\">\n<div class=\"wp-block-group alignwide hostinger-ai-fade-up is-layout-flow wp-block-group-is-layout-flow\" data-aos=\"fade-up\" style=\"padding-top:var(--wp--preset--spacing--60);padding-bottom:var(--wp--preset--spacing--60)\">\n<h1 class=\"wp-block-heading has-text-align-center hostinger-ai-title has-light-color has-text-color has-link-color has-xx-large-font-size wp-elements-7d1c33641b2f38afe3b52e7135ac4428\" style=\"margin-top:0;margin-right:0;margin-bottom:0;margin-left:0\">Feel Market<\/h1>\n\n\n\n<p class=\"has-text-align-center hostinger-ai-description has-light-color has-text-color has-link-color has-medium-font-size wp-elements-60d010185e337abaaeeafb4d16ddfd5f\" style=\"margin-top:0;margin-bottom:var(--wp--preset--spacing--50)\">Dive into stories that sell with emotion.<\/p>\n\n\n\n<div class=\"wp-block-buttons is-content-justification-center is-layout-flex wp-container-core-buttons-is-layout-78108f9f wp-block-buttons-is-layout-flex\" style=\"margin-bottom:var(--wp--preset--spacing--60)\">\n<div class=\"wp-block-button has-custom-font-size hostinger-ai-cta-button hostinger-index-0 has-medium-font-size\"><a class=\"wp-block-button__link has-dark-color has-color-1-background-color has-text-color has-background has-link-color wp-element-button\" style=\"border-style:none;border-width:0px;border-radius:50px;padding-top:var(--wp--preset--spacing--30);padding-right:var(--wp--preset--spacing--70);padding-bottom:var(--wp--preset--spacing--30);padding-left:var(--wp--preset--spacing--70);box-shadow:none\" href=\"https:\/\/omarket.blog\/comment-maximiser-vos-ventes-grace-a-la-vente-emotionnelle\/\">Read More<\/a><\/div>\n<\/div>\n\n\n\n<figure class=\"wp-block-image size-full has-custom-border hostinger-ai-image hostinger-index-1\"><img decoding=\"async\" src=\"https:\/\/images.unsplash.com\/photo-1632299822779-3869fa614011?q=85&amp;w=1100&amp;h=450&amp;fit=crop\" alt=\"A shopping mall interior featuring an escalator and a tall, brightly lit pillar with colorful graphics and text. The pillar displays arrows, geometric patterns, and phrases like 'Enjoy' and 'Empower the Youth's Nextperience.' The surrounding area includes modern decor and ambient lighting.\" class=\"wp-image-424\" style=\"border-radius:20px\"><\/figure>\n<\/div>\n<\/div>\n<div class=\"wp-block-group alignfull hostinger-ai-about-us-2 hostinger-ai-fade-up has-global-padding is-layout-constrained wp-block-group-is-layout-constrained\" data-aos=\"fade-up\">\n<div class=\"wp-block-group alignwide hostinger-ai-fade-up is-layout-grid wp-container-core-group-is-layout-422a8eaf wp-block-group-is-layout-grid\" data-aos=\"fade-up\" style=\"padding-top:var(--wp--preset--spacing--60);padding-right:0;padding-bottom:var(--wp--preset--spacing--60);padding-left:0\">\n<div class=\"wp-block-group hostinger-ai-fade-up has-global-padding is-layout-constrained wp-block-group-is-layout-constrained\" data-aos=\"fade-up\">\n<figure class=\"wp-block-image size-full has-custom-border hostinger-ai-image hostinger-index-1\"><img decoding=\"async\" src=\"https:\/\/images.unsplash.com\/photo-1652938683967-3480fb1bcb46?q=85&amp;w=584&amp;h=438&amp;fit=crop\" alt=\"A lit candle labeled 'Emotional Support Candle' sits in a shallow wooden dish. Behind it, a classic-style bust and an ornate, antique mirror add to the aesthetic. The background features soft, neutral tones creating a cozy and serene atmosphere.\" class=\"wp-image-18\" style=\"border-radius:20px\"><\/figure>\n<\/div>\n\n\n\n<div class=\"wp-block-group hostinger-ai-fade-up wp-container-content-5e2576f9 is-vertical is-content-justification-left is-nowrap is-layout-flex wp-container-core-group-is-layout-cb02dbd6 wp-block-group-is-layout-flex\" data-aos=\"fade-up\" style=\"padding-right:var(--wp--preset--spacing--60);padding-left:var(--wp--preset--spacing--60)\">\n<h2 class=\"wp-block-heading hostinger-ai-title has-dark-color has-text-color has-link-color has-x-large-font-size wp-elements-577c9ada6f1cfd6a711668f5a198a156\" style=\"margin-top:0;margin-right:0;margin-bottom:0;margin-left:0;padding-bottom:var(--wp--preset--spacing--20)\">Our Story<\/h2>\n\n\n\n<p class=\"hostinger-ai-description has-dark-color has-text-color has-link-color has-medium-font-size wp-elements-3230c30239ab252aca43381d1688f8cb\" style=\"margin-top:0;margin-bottom:var(--wp--preset--spacing--50)\">We dive deep into selling products by tapping into real feelings, sharing stories that connect you to what you buy.<\/p>\n\n\n\n<div class=\"wp-block-buttons is-layout-flex wp-block-buttons-is-layout-flex\">\n<div class=\"wp-block-button has-custom-font-size hostinger-ai-cta-button hostinger-index-0 has-medium-font-size\"><a class=\"wp-block-button__link has-dark-color has-text-color has-link-color has-border-color wp-element-button\" style=\"border-color:#0d141a;border-width:1px;border-radius:50px;padding-top:var(--wp--preset--spacing--30);padding-right:var(--wp--preset--spacing--70);padding-bottom:var(--wp--preset--spacing--30);padding-left:var(--wp--preset--spacing--70);box-shadow:none\" href=\"https:\/\/omarket.blog\/comment-maximiser-vos-ventes-grace-a-la-vente-emotionnelle\/\">Read More<\/a><\/div>\n<\/div>\n<\/div>\n<\/div>\n<\/div>\n<div class=\"wp-block-group alignfull hostinger-ai-our-blog-1 hostinger-ai-fade-up has-global-padding is-layout-constrained wp-block-group-is-layout-constrained\" data-aos=\"fade-up\">\n    <div class=\"wp-block-group alignwide hostinger-ai-fade-up has-global-padding is-content-justification-left is-layout-constrained wp-container-core-group-is-layout-12dd3699 wp-block-group-is-layout-constrained\" data-aos=\"fade-up\">\n        <h2 class=\"wp-block-heading is-style-default hostinger-ai-title has-dark-color has-text-color has-link-color has-x-large-font-size wp-elements-8d7af6e1a02b919e50e72980de61e6ca\" style=\"margin-bottom:var(--wp--preset--spacing--50)\">Emotional Sales<\/h2>\n        \n\n        \n        <div data-wp-context=\"{}\" data-wp-interactive=\"core\/query\" data-wp-key=\"24\" data-wp-router-region=\"query-24\" class=\"wp-block-query alignwide is-layout-flow wp-block-query-is-layout-flow\"><ul class=\"columns-2 post-item wp-block-post-template is-layout-grid wp-container-core-post-template-is-layout-02493678 wp-block-post-template-is-layout-grid\"><li data-wp-key=\"post-template-item-6\" class=\"wp-block-post post-6 post type-post status-publish format-standard has-post-thumbnail hentry category-uncategorized\">\n            <figure class=\"wp-block-post-featured-image\"><a href=\"https:\/\/omarket.blog\/?p=6\" target=\"_self\"  ><img loading=\"lazy\" decoding=\"async\" width=\"530\" height=\"250\" src=\"https:\/\/images.unsplash.com\/photo-1538599522405-f4d58a9a7bf7?q=85&amp;w=530&amp;h=250&amp;fit=crop\" class=\"attachment-blog-thumb size-blog-thumb wp-post-image\" alt=\"La Vente par les \u00c9motions : Promouvoir l&rsquo;Exp\u00e9rience de Produit\" style=\"border-radius:20px;object-fit:cover;\" \/><\/a><\/figure>\n\n            <h2 style=\"margin-bottom:0;margin-top:var(--wp--preset--spacing--20);\" class=\"wp-block-post-title has-large-font-size\"><a href=\"https:\/\/omarket.blog\/?p=6\" target=\"_self\" >La Vente par les \u00c9motions : Promouvoir l&rsquo;Exp\u00e9rience de Produit<\/a><\/h2>\n\n            <div style=\"margin-bottom:0;margin-top:var(--wp--preset--spacing--20);\" class=\"wp-block-post-excerpt\"><p class=\"wp-block-post-excerpt__excerpt\">Comprendre la Vente par \u00c9motions La vente par les \u00e9motions est une technique puissante qui se concentre sur l&rsquo;exp\u00e9rience utilisateur.&hellip; <\/p><\/div>\n\n            <div style=\"margin-top:var(--wp--preset--spacing--20);\" class=\"wp-block-post-date\"><time datetime=\"2025-11-06T13:29:22+00:00\">11\/6\/2025<\/time><\/div>\n            <\/li><li data-wp-key=\"post-template-item-4\" class=\"wp-block-post post-4 post type-post status-publish format-standard has-post-thumbnail hentry category-uncategorized\">\n            <figure class=\"wp-block-post-featured-image\"><a href=\"https:\/\/omarket.blog\/?p=4\" target=\"_self\"  ><img loading=\"lazy\" decoding=\"async\" width=\"530\" height=\"250\" src=\"https:\/\/images.unsplash.com\/photo-1644777564986-4417a26ffff9?q=85&amp;w=530&amp;h=250&amp;fit=crop\" class=\"attachment-blog-thumb size-blog-thumb wp-post-image\" alt=\"Comment Maximiser vos Ventes gr\u00e2ce \u00e0 la Vente \u00c9motionnelle\" style=\"border-radius:20px;object-fit:cover;\" \/><\/a><\/figure>\n\n            <h2 style=\"margin-bottom:0;margin-top:var(--wp--preset--spacing--20);\" class=\"wp-block-post-title has-large-font-size\"><a href=\"https:\/\/omarket.blog\/?p=4\" target=\"_self\" >Comment Maximiser vos Ventes gr\u00e2ce \u00e0 la Vente \u00c9motionnelle<\/a><\/h2>\n\n            <div style=\"margin-bottom:0;margin-top:var(--wp--preset--spacing--20);\" class=\"wp-block-post-excerpt\"><p class=\"wp-block-post-excerpt__excerpt\">Introduction \u00e0 la Vente \u00c9motionnelle La vente \u00e9motionnelle est une technique puissante qui permet de renforcer l&rsquo;exp\u00e9rience d&rsquo;achat d&rsquo;un client.&hellip; <\/p><\/div>\n\n            <div style=\"margin-top:var(--wp--preset--spacing--20);\" class=\"wp-block-post-date\"><time datetime=\"2025-11-06T13:29:20+00:00\">11\/6\/2025<\/time><\/div>\n            <\/li><\/ul><\/div>\n        <\/div>\n    <\/div>\n<div class=\"wp-block-group alignwide hostinger-ai-fade-up hostinger-ai-customer-reviews-3 is-content-justification-center is-nowrap is-layout-flex wp-container-core-group-is-layout-23441af8 wp-block-group-is-layout-flex\" data-aos=\"fade-up\">\n    <div class=\"wp-block-group alignwide hostinger-ai-fade-up is-layout-flow wp-block-group-is-layout-flow\" data-aos=\"fade-up\">\n        <div class=\"wp-block-columns is-layout-flex wp-container-core-columns-is-layout-28f84493 wp-block-columns-is-layout-flex\">\n            <div class=\"wp-block-column is-layout-flow wp-block-column-is-layout-flow\" style=\"flex-basis:40%\">\n                <h2 class=\"wp-block-heading alignfull has-text-align-left hostinger-ai-subtitle has-dark-color has-text-color has-link-color has-x-large-font-size wp-elements-d3da699fe12c974d1cbb83c83f56acd9\" style=\"margin-bottom:var(--wp--preset--spacing--50)\">Voices<\/h2>\n                <\/div>\n            \n\n            \n            <div class=\"wp-block-column is-layout-flow wp-block-column-is-layout-flow\" style=\"flex-basis:60%\">\n                <div class=\"wp-block-group is-vertical is-layout-flex wp-container-core-group-is-layout-fe9cc265 wp-block-group-is-layout-flex\">\n                    <div class=\"wp-block-group hostinger-ai-fade-up is-nowrap is-layout-flex wp-container-core-group-is-layout-42f81c71 wp-block-group-is-layout-flex\" data-aos=\"fade-up\" data-aos=\"fade-up\" data-aos=\"fade-up\" data-aos=\"fade-up\" style=\"padding-bottom:var(--wp--preset--spacing--40)\">\n                        <figure class=\"wp-block-image size-full has-custom-border hostinger-ai-testimonial-image hostinger-index-3\"><img decoding=\"async\" src=\"https:\/\/omarket.blog\/wp-content\/themes\/hostinger-ai-theme\/assets\/images\/testimonials\/man-1-180x200-c.jpg\" alt=\"\" class=\"wp-image-266\" style=\"border-radius:20px;object-fit:cover\"><\/figure>\n                        \n\n                        \n                        <p class=\"hostinger-ai-testimonial-text hostinger-index-1 has-dark-color has-text-color has-link-color has-medium-font-size wp-elements-4fefbbd994f9f4fccd836a6a913dc637 wp-container-content-69bc4bdf\" style=\"padding-left:var(--wp--preset--spacing--20)\">&rdquo;Thanks to market, I truly felt the story behind each product I bought.&rdquo;<\/p>\n                        <\/div>\n                    \n\n                    \n                    <div class=\"wp-block-group hostinger-ai-fade-up is-nowrap is-layout-flex wp-container-core-group-is-layout-6c531013 wp-block-group-is-layout-flex\" data-aos=\"fade-up\">\n                        <figure class=\"wp-block-image size-full has-custom-border hostinger-ai-testimonial-image hostinger-index-4\"><img decoding=\"async\" src=\"https:\/\/omarket.blog\/wp-content\/themes\/hostinger-ai-theme\/assets\/images\/testimonials\/man-10-180x200-c.jpg\" alt=\"\" class=\"wp-image-265\" style=\"border-radius:20px;object-fit:cover\"><\/figure>\n                        \n\n                        \n                        <p class=\"hostinger-ai-testimonial-text has-dark-color has-text-color has-link-color has-medium-font-size wp-elements-bec9b4a814b03b156d489f82849e35b1 wp-container-content-69bc4bdf\" style=\"padding-left:var(--wp--preset--spacing--20)\">&rdquo;The emotional touch in their articles made shopping feel personal and exciting.&rdquo;<\/p>\n                        <\/div>\n                    <\/div>\n                <\/div>\n            <\/div>\n        <\/div>\n    <\/div>\n<div class=\"wp-block-group alignfull hostinger-ai-solid-block hostinger-ai-fade-up has-color-1-background-color has-background has-global-padding is-layout-constrained wp-block-group-is-layout-constrained\" data-aos=\"fade-up\" style=\"padding-top:var(--wp--preset--spacing--60);padding-bottom:var(--wp--preset--spacing--60)\">\n<div class=\"wp-block-group alignwide hostinger-ai-fade-up is-vertical is-content-justification-center is-nowrap is-layout-flex wp-container-core-group-is-layout-4cc6ee0a wp-block-group-is-layout-flex\" data-aos=\"fade-up\" style=\"min-height:0px;padding-top:0;padding-bottom:0\">\n<div class=\"wp-block-group hostinger-ai-fade-up wp-container-content-69bc4bdf has-global-padding is-content-justification-center is-layout-constrained wp-container-core-group-is-layout-78267832 wp-block-group-is-layout-constrained\" data-aos=\"fade-up\">\n<h2 class=\"wp-block-heading has-text-align-center hostinger-ai-title has-dark-color has-text-color has-link-color has-x-large-font-size wp-elements-ca4b174d4ea6450dfc9ef0d0f7cb4ce6\" style=\"margin-top:0;margin-right:0;margin-bottom:0;margin-left:0\">Feel More<\/h2>\n\n\n\n<p class=\"has-text-align-center hostinger-ai-description has-dark-color has-text-color has-link-color has-medium-font-size wp-elements-e9e5c932422830ed91e7e34be7d3b8b2\" style=\"margin-top:var(--wp--preset--spacing--20);margin-bottom:var(--wp--preset--spacing--50)\">Dive into stories that connect you deeply with every product&rsquo;s emotion.<\/p>\n\n\n\n<div class=\"wp-block-buttons is-content-justification-center is-layout-flex wp-container-core-buttons-is-layout-a89b3969 wp-block-buttons-is-layout-flex\">\n<div class=\"wp-block-button has-custom-font-size hostinger-ai-cta-button has-medium-font-size\"><a class=\"wp-block-button__link has-dark-color has-contrast-background-color has-text-color has-background has-link-color has-border-color wp-element-button\" style=\"border-color:#0d141a;border-width:1px;border-radius:50px;padding-top:var(--wp--preset--spacing--30);padding-right:var(--wp--preset--spacing--70);padding-bottom:var(--wp--preset--spacing--30);padding-left:var(--wp--preset--spacing--70);box-shadow:none\" href=\"https:\/\/omarket.blog\/comment-maximiser-vos-ventes-grace-a-la-vente-emotionnelle\/\">Read<\/a><\/div>\n<\/div>\n<\/div>\n<\/div>\n<\/div>\n","protected":false},"excerpt":{"rendered":"<p>Feel Market Dive into stories that sell with emotion. Our Story We dive deep into selling products by tapping into real feelings, sharing stories that connect you to what you buy. Emotional Sales Voices &rdquo;Thanks to market, I truly felt the story behind each product I bought.&rdquo; &rdquo;The emotional touch in their articles made shopping [&hellip;]<\/p>\n","protected":false},"author":1,"featured_media":0,"parent":0,"menu_order":0,"comment_status":"closed","ping_status":"closed","template":"","meta":{"footnotes":""},"class_list":["post-8","page","type-page","status-publish","hentry"],"_hostinger_reach_plugin_has_subscription_block":false,"_hostinger_reach_plugin_is_elementor":false,"_links":{"self":[{"href":"https:\/\/omarket.blog\/index.php?rest_route=\/wp\/v2\/pages\/8","targetHints":{"allow":["GET"]}}],"collection":[{"href":"https:\/\/omarket.blog\/index.php?rest_route=\/wp\/v2\/pages"}],"about":[{"href":"https:\/\/omarket.blog\/index.php?rest_route=\/wp\/v2\/types\/page"}],"author":[{"embeddable":true,"href":"https:\/\/omarket.blog\/index.php?rest_route=\/wp\/v2\/users\/1"}],"replies":[{"embeddable":true,"href":"https:\/\/omarket.blog\/index.php?rest_route=%2Fwp%2Fv2%2Fcomments&post=8"}],"version-history":[{"count":0,"href":"https:\/\/omarket.blog\/index.php?rest_route=\/wp\/v2\/pages\/8\/revisions"}],"wp:attachment":[{"href":"https:\/\/omarket.blog\/index.php?rest_route=%2Fwp%2Fv2%2Fmedia&parent=8"}],"curies":[{"name":"wp","href":"https:\/\/api.w.org\/{rel}","templated":true}]}}